 the highest common factor of 322 and 238.
14
What is the highest common divisor of 665 and 20?
5
What is the highest common divisor of 135 and 315?
45
Calculate the greatest common divisor of 328 and 19844.
164
Calculate the greatest common divisor of 38 and 3800.
38
Calculate the highest common factor of 18 and 10593.
9
What is the greatest common factor of 124 and 279?
31
Calculate the greatest common factor of 3 and 3789.
3
Calculate the highest common factor of 76 and 14402.
38
What is the greatest common divisor of 235 and 2867?
47
Calculate the greatest common factor of 87 and 232.
29
What is the greatest common divisor of 3938 and 22?
22
What is the highest common factor of 82 and 82?
82
What is the greatest common divisor of 2 and 83?
1
What is the highest common divisor of 260 and 20?
20
Calculate the greatest common divisor of 9 and 1350.
9
What is the highest common factor of 19 and 171?
19
Calculate the highest common factor of 40 and 110.
10
What is the highest common divisor of 247 and 2015?
13
Calculate the greatest common factor of 594 and 22.
22
Calculate the highest common factor of 9398 and 127.
127
What is the highest common divisor of 190 and 20?
10
What is the greatest common factor of 894 and 6?
6
Calculate the highest common divisor of 80 and 256.
16
What is the greatest common divisor of 25 and 725?
25
What is the highest common factor of 5 and 1359?
1
What is the highest common divisor of 56 and 35000?
56
Calculate the highest common factor of 64 and 1304.
8
Calculate the greatest common divisor of 528 and 32.
16
Calculate the greatest common divisor of 2134 and 132.
22
What is the highest common factor of 15 and 1887?
3
What is the greatest common divisor of 32 and 5408?
32
Calculate the greatest common divisor of 29 and 145.
29
Calculate the greatest common divisor of 702 and 2886.
78
What is the highest common factor of 40 and 512?
8
What is the highest common factor of 893 and 38?
19
What is the greatest common divisor of 8484 and 70?
14
What is the highest common factor of 454 and 51983?
227
Calculate the greatest common factor of 5329 and 219.
73
What is the highest common factor of 185 and 74?
37
Calculate the greatest common factor of 111 and 185.
37
What is the greatest common factor of 19201 and 182?
91
Calculate the greatest common factor of 16 and 480.
16
Calculate the highest common factor of 175 and 25.
25
Calculate the greatest common factor of 657 and 17301.
219
What is the highest common divisor of 10 and 64?
2
Calculate the greatest common divisor of 16 and 936.
8
Calculate the greatest common divisor of 20 and 44.
4
Calculate the highest common factor of 108 and 162.
54
What is the highest common factor of 221 and 17?
17
What is the greatest common factor of 72 and 11862?
18
What is the highest common factor of 1836 and 432?
108
What is the highest common divisor of 1770 and 1888?
118
What is the greatest common factor of 9 and 39?
3
What is the highest common divisor of 3219 and 58?
29
Calculate the highest common divisor of 1411 and 4067.
83
What is the greatest common factor of 900 and 5?
5
Calculate the highest common divisor of 3067 and 1.
1
What is the highest common divisor of 2 and 98?
2
What is the highest common factor of 648 and 486?
162
What is the highest common factor of 2759 and 31?
31
Calculate the highest common factor of 9 and 6804.
9
Calculate the highest common factor of 1570 and 110.
10
Calculate the highest common divisor of 345 and 1242.
69
What is the greatest common divisor of 55 and 2970?
55
What is the highest common divisor of 496 and 93?
31
What is the greatest common factor of 1395 and 45?
45
Calculate the greatest common divisor of 92 and 230.
46
Calculate the greatest common factor of 84 and 36.
12
Calculate the highest common factor of 5925 and 75.
75
Calculate the highest common factor of 84 and 108.
12
Calculate the greatest common divisor of 98 and 28.
14
What is the highest common divisor of 1178 and 3038?
62
Calculate the highest common factor of 2166 and 456.
114
What is the greatest common divisor of 130 and 2210?
130
What is the highest common factor of 3116 and 164?
164
What is the highest common factor of 51 and 1734?
51
Calculate the greatest common divisor of 1638 and 3042.
234
What is the highest common factor of 25950 and 150?
150
What is the greatest common divisor of 154 and 98?
14
What is the greatest common divisor of 980 and 9520?
140
What is the greatest common divisor of 87 and 1305?
87
What is the greatest common factor of 15 and 1320?
15
Calculate the greatest common divisor of 253 and 23.
23
Calculate the greatest common divisor of 176 and 18832.
176
What is the highest common factor of 126 and 42?
42
What is the greatest common divisor of 360 and 234?
18
Calculate the greatest common divisor of 42 and 4578.
42
What is the highest common factor of 8806 and 952?
238
What is the greatest common factor of 6499 and 679?
97
What is the highest common factor of 258 and 46698?
258
Calculate the greatest common divisor of 65 and 65.
65
What is the highest common divisor of 5224 and 8?
8
Calculate the greatest common divisor of 64 and 48.
16
Calculate the greatest common divisor of 7821 and 117.
9
Calculate the highest common factor of 567 and 162.
81
Calculate the highest common divisor of 23720 and 40.
40
What is the greatest common divisor of 292 and 365?
73
What is the greatest common divisor of 2254 and 196?
98
What is the highest common factor of 2 and 157?
1
What is the highest common factor of 44 and 220?
44
What is the greatest common factor of 64 and 2048?
64
What is the greatest common factor of 5067 and 36?
9
What is the highest common divisor of 96 and 2592?
96
What is the highest common factor of 1127 and 49?
49
Calculate the greatest common divisor of 30 and 160.
10
Calculate the highest common divisor of 1508 and 13.
13
Calculate the highest common divisor of 72 and 396.
36
Calculate the greatest common factor of 6057 and 18.
9
What is the highest common factor of 69 and 141?
3
What is the highest common factor of 1426 and 138?
46
Calculate the greatest common divisor of 430 and 830.
10
What is the greatest common factor of 212 and 50668?
212
What is the highest common divisor of 106 and 7102?
106
What is the highest common factor of 91 and 31213?
91
What is the highest common divisor of 918 and 270?
54
Calculate the greatest common divisor of 133 and 126.
7
What is the greatest common divisor of 255 and 204?
51
Calculate the greatest common divisor of 18 and 27.
9
Calculate the greatest common divisor of 765 and 90.
45
What is the greatest common factor of 8576 and 1024?
128
Calculate the highest common divisor of 45 and 3360.
15
What is the greatest common factor of 16 and 848?
16
Calculate the highest common divisor of 35 and 1165.
5
What is the highest common divisor of 51 and 340?
17
Calculate the greatest common divisor of 1 and 151.
1
What is the highest common divisor of 138 and 4876?
46
Calculate the greatest common factor of 14920 and 60.
20
What is the highest common factor of 80 and 16?
16
Calculate the highest common divisor of 366 and 488.
122
Calculate the highest common divisor of 43 and 1118.
43
What is the highest common factor of 152 and 8?
8
Calculate the greatest common divisor of 8 and 3.
1
Calculate the greatest common divisor of 297 and 1056.
33
Calculate the highest common factor of 19348 and 112.
28
What is the highest common divisor of 700 and 3220?
140
Calculate the greatest common factor of 70 and 952.
14
What is the greatest common divisor of 92 and 8?
4
What is the highest common divisor of 1897 and 14?
7
What is the highest common factor of 129 and 86?
43
Calculate the highest common divisor of 3588 and 92.
92
What is the greatest common factor of 11 and 275?
11
Calculate the highest common divisor of 59 and 1711.
59
Calculate the greatest common factor of 15 and 495.
15
Calculate the greatest common factor of 9216 and 18.
18
Calculate the greatest common divisor of 2005 and 5.
5
What is the highest common divisor of 78 and 1326?
78
What is the greatest common divisor of 8362 and 74?
74
What is the highest common factor of 48 and 66?
6
What is the highest common divisor of 27 and 504?
9
What is the 